g + 2, 2*x = -c*g - 1 - 0. Is 0 - (x + -117 + 2) a prime number?
True
Let l(h) = -23*h - 124. Is l(-7) composite?
False
Let p(l) = -13*l**3 - 10*l**2 + 10*l - 36. Is p(-19) a composite number?
False
Let g(p) = 1. Let z(r) be the first derivative of 49*r**2/2 + 8*r + 3. Let a(l) = -6*g(l) + z(l). Is a(3) composite?
False
Suppose -4*o + o = 13947. Let u = -3012 - o. Is u a composite number?
False
Suppose -5*s + 29918 - 4778 = 0. Is (-2 - -3)/(12/s) a prime number?
True
Is (3959 - -20) + 1*(2 - 2) composite?
True
Let x = -98 + 191. Let u = 1 + x. Let g = 463 + u. Is g a composite number?
False
Suppose -6*x = -9*x + 5685. Suppose 54*v = 49*v + x. Is v prime?
True
Is (-4)/((-4)/3) + 3200 a prime number?
True
Let i be 1*3412/4 + 0 + 1. Suppose -5*k + f + 401 = -i, -k + 251 = f. Is k composite?
False
Let p = -119 - -1026. Is p a prime number?
True
Is 21461 - (3920/(-665) + (-2)/19) a composite number?
False
Let g(h) be the second derivative of -h**3/3 + 6*h**2 + 2*h. Let c be g(9). Is (2/4)/(c/(-1308)) composite?
False
Suppose 5*g - 926 - 6604 = 0. Suppose g = 4*f - 2170. Is f a composite number?
False
Let u(k) = -395*k - 4 - 417*k - 115*k + 3. Is u(-1) a composite number?
True
Let h be 2*2*-1 - (-35 - -28). Suppose -3*n = 2*z - 1554, h*n = -3*z - n + 2329. Is z a prime number?
False
Let m(f) = 642*f**3 + 6*f**2 - 8*f + 3. Is m(2) composite?
False
Let v = 377 - 158. Suppose 5*a - v - 91 = 0. Is a a prime number?
False
Let m be ((-84)/105)/(2/(-10)). Suppose -2*k + 2234 = -m*q, 0*q - 1129 = -k + 5*q. Is k prime?
True
Let g = 10 - -30. Suppose 2*m = -4*t + g, 5*t - 4*m = -3*m + 57. Let u = -8 + t. Is u a prime number?
True
Suppose -3*h = -2848 + 769. Let c(a) = a**2 + 11*a + 33. Let w be c(-7). Suppose -h - 812 = -w*r. Is r composite?
True
Suppose -i - 95 = -u - 24, 3*i - 4*u + 217 = 0. Let q = 552 + i. Is q composite?
True
Let q(z) = -22*z + 47. Suppose -4*n + 0 - 20 = 2*u, 0 = -5*n - 10. Is q(u) a prime number?
True
Let n(p) = -737*p + 124. Is n(-15) prime?
False
Suppose 3*p = 17 + 19. Is (-2)/((p/1017)/(-2)) a prime number?
False
Let s(r) = -r**3 - 8*r**2 + 7. Let z be s(-7). Let j be (-12)/z + (-1586)/14. Let v = j + 198. Is v a composite number?
True
Suppose -10*u = -6180 - 6900. Let g = u - 757. Is g a composite number?
True
Let q = -443 + 200. Let z = q - -3238. Is z prime?
False
Let v = 161 + -155. Let l be (-6)/(((-4)/(-86))/(-1)). Let j = l - v. Is j prime?
False
Let v(u) = -223*u - 3. Let y(z) = -z. Suppose -14 = -5*i - 9. Let h(t) = i*v(t) - 3*y(t). Is h(-2) composite?
True
Let b = 749 + 2616. Is b a composite number?
True
Let y = -769 - -1159. Suppose 2*f + 84 = y. Suppose 0 = -5*s + f + 262. Is s a composite number?
False
Suppose 2*y - 13 = 39. Is (y/(-3))/((-14)/63) a composite number?
True
Suppose 3*o = 5*s - 12901, 2*s + 284*o - 283*o = 5156. Is s a composite number?
False
Let h(w) = -154*w + 30. Let m(t) = 77*t - 15. Let d(v) = -2*h(v) - 5*m(v). Is d(-8) prime?
True
Suppose -x = -21*x + 141020. Is x a composite number?
True
Suppose 1463353 = 21*y + 163894. Is y a composite number?
False
Let p(s) = 139*s + 68. Is p(9) a prime number?
True
Let r = -147 + 84. Suppose -408 = 3*t - 108. Let p = r - t. Is p a prime number?
True
Is 2147 + 3 + (-4)/2 + 1 a composite number?
True
Let t = -11 + 16. Suppose -5*o - 15 = 0, 4*w - o + t = -4*o. Let s(i) = 512*i**3 - 3*i**2 + i + 1. Is s(w) prime?
False
Let h = 11648 + -6707. Let n = h + -2786. Is n prime?
False
Let l be (0/(-11))/((-2)/2). Let i(a) = a**2 + a + 581. Is i(l) a composite number?
True
Suppose -60 = 5*y - 8*y. Suppose 4*q - 45 = -5*w, -3*q = w - 0*q - y. Suppose w*g - 317 = 4*g. Is g prime?
True
Let c = 5 + -20. Let u be -230 - 5/(c/(-9)). Let t = 60 - u. Is t prime?
True
Let h = 74 + 129. Suppose -4*f - 5*x + 412 = -45, 3 = -x. Let g = h - f. Is g prime?
False
Suppose 4*u + 0*s = -5*s + 1288, -3*u + 961 = 5*s. Suppose 5*g = u + 213. Is -1 - (g*7)/(-2) a prime number?
False
Let k(d) = -11*d**3 - 4*d**2 - 3*d. Let w be k(-4). Let j = w + -357. Is j prime?
False
Suppose -43113 = -5*o - 2*f, -250 - 8374 = -o + f. Is o prime?
True
Let o = 5469 - 3570. Suppose o = 34*d - 25*d. Is d a composite number?
False
Let u(j) = 3*j**2 - 2*j**2 + 27 + 12 - 18*j. Is u(16) composite?
False
Let y = 14259 + -8632. Is y prime?
False
Suppose 5*o = -18*p + 21*p + 67608, -2*o - p = -27041. Is o a prime number?
False
Let s(x) = 7*x**2 - 14. Is s(15) prime?
False
Let w(v) = v + 5. Let l(y) = 3*y + 8. Let k(n) = -5*l(n) + 8*w(n). Let h be 2/(-4)*44/2. Is k(h) composite?
True
Suppose 3 = l - 2*l. Let w be (24/14)/(l/21). Is (w/(-18))/(4/894) a prime number?
True
Suppose 5*g - 11 + 1 = 5*j, 4*g - 2*j = 10. Suppose -g*l - 4*u + 117 + 64 = 0, 179 = 3*l + 2*u. Is l prime?
True
Is (-1 + 2/3)/((-36)/660852) a prime number?
False
Suppose -3*f = -11*f - 3536. Let w = f + 661. Is w composite?
True
Let f = -868 - -1483. Let g = f - 234. Is g a prime number?
False
Let z(w) = 266*w - 5. Let y(t) = -1329*t + 27. Let c(m) = -2*y(m) - 11*z(m). Let d(f) = -f**3 + 3*f**2 + 3*f + 3. Let r be d(4). Is c(r) a prime number?
True
Let c = 333 - 155. Is c composite?
True
Let l(z) = -8*z + 8. Let n be l(3). Is (12/n*2)/((-2)/148) prime?
False
Let p(x) = -x**3 + 7*x**2 - 5*x - 3. Let g = -17 - -23. Let r be p(g). Suppose -5*d - 1614 = -2*m, -3689 = -r*m - d - 1302. Is m a prime number?
True
Let y(g) = -g**2 - 6*g - 10. Let d be y(-5). Let n(m) = m**3 + 5*m**2 - m - 1. Let s be n(d). Is (8/s - 4) + 13 composite?
False
Suppose 4*c = -4*x + 126884, 4*c - 4*x - 25723 = 101161. Is c prime?
True
Suppose -8*s = 15 + 9. Is (-4)/s + -2 - (-12655)/15 prime?
False
Let z(b) = -3*b**2 + 7*b**2 - b**3 - 11 + 8*b + b**2 + 0*b**2. Is z(-8) composite?
False
Let y = -9679 - -23250. Is y composite?
True
Suppose -90 = 10*i - 15*i. Is (-45)/i*298/(-5) prime?
True
Let k = -25 + 21. Let j(z) = -11*z - 9. Is j(k) prime?
False
Suppose t = -2, -5*t - 22507 = -2*j - j. Is j a composite number?
False
Let t be 20/(-70) - (-5926)/14. Let h = 66 + t. Is h a composite number?
True
Let c(p) = -12*p - 5. Suppose -3*m - b - 2*b - 39 = 0, 30 = -2*m - 4*b. Is c(m) a prime number?
True
Suppose 2*r = -4*h + 16, -h - 1 = -5. Suppose -n + r = -k + 50, -4*k - n = -185. Let o = k - -288. Is o composite?
True
Let a be (0 + -1)*0/(-5). Suppose a*f = -4*f + 1164. Is f prime?
False
Suppose 5 - 26 = 3*l. Let q(i) = i**2 + 7*i - 5. Let u be q(l). Is 4/5 + (-181)/u a composite number?
False
Suppose -a = -8 - 8. Suppose a*r = 13*r + 1893. Is r a prime number?
True
Let h = -8 - -13. Suppose 2*p + t = 1270, h*p + 3*t - 3181 = -t. Suppose 0 = 2*i + i - p. Is i a composite number?
False
Let y(n) = 6599*n**2 - 2*n + 2. Is y(1) a prime number?
True
Suppose t - 2740 = -1005. Suppose -5*l + 430 = -t. Suppose -3*a + u + l = 0, u = 3*a + 3*u - 439. Is a composite?
True
Suppose 3*v - 1314 = -2*k + 587, -3*k = 2*v - 1274. Is v a prime number?
True
Suppose 0 = 5*j - 3*n - 114790, 3*n - 45897 = -2*j + 8*n. Is j composite?
False
Let l(j) be the second derivative of 49*j**3/3 - j**2/2 - 18*j. Is l(6) a composite number?
False
Let s(o) = o**2 + 14*o + 9. Let d(g) = g**2 + 14*g + 9. Let k(c) = -4*d(c) + 5*s(c). Let t be k(10). Suppose -3*l + t = -942. Is l a composite number?
False
Suppose b + b + 19 = 5*c, 3*c = 2*b + 9. Suppose 84 = 2*t + 4*p, -2*t - b*p = 2*p - 82. Suppose -2*x = -3*d + t, 3*d + 0*x = -2*x + 38. Is d a prime number?
False
Let i = 5659 - 3665. Let k = -1107 + i. Is k a prime number?
True
Let l(r) = -r - 2. Let k(d) = -3*d**3 + 1. Let z be k(1). Let h be l(z). Suppose -1030 = -5*y - 5*o, 3*y + 0*o + 4*o - 623 = h. Is y a composite number?
True
Let g(l) = -3*l - 3. Let k(t) = -t + 1. Let q(v) = -g(v) + 4*k(v). Let j be q(3). Suppose 0 = o - j*o + 5*z + 151, -4*o - 5*z = -178. Is o a composite number?
False
Let z = -3 + 106. Let j = z + -60. Is j a composite number?
False
Suppose -5*j + b + 4326 = 0, -31*b + 35*b = 2*j - 1734. Is j a prime number?
False
Is (-2)/14 + (-960960)/(-490) a composite number?
True
Let y(o) = o**3 - 16*o**2 - 8*o - 11. Is y(18) composite?
True
Let o(g) = 2*g**2 - 2*g**2 + 6 + 5*g**2 - 11*g - 3*g**2. Let p be o(7). Let j = 30 + p. Is j a prime number?
False
Let g(m) = -3*m**2 - 110*m - 1. Is g(-12) a prime number?
True
Let g(y) = -5*y - 28. Let v be g(-6). Supp